nits digit of g?
8
Let i = 22 - -4. What is the units digit of i?
6
Suppose -i = -4*i + 30. Let v(t) = t**2 - 2*t + 3. Let u be v(2). Suppose -i = -u*b + b. What is the units digit of b?
5
Let x be 2/(-7) + (-10)/14. Suppose -2*b - 2*z - 17 = -7*b, 2*b - 5*z = 11. Let k = b + x. What is the units digit of k?
2
Suppose -46*m - 51 = -49*m. What is the tens digit of m?
1
Let m = 1 + 34. What is the tens digit of m?
3
Suppose -22 = -w + 18. Let t = w + -19. Suppose 59 - t = 2*k. What is the units digit of k?
9
Suppose 20 = 5*m - m. What is the units digit of ((-6)/m)/(-3)*25?
0
Let t(y) be the first derivative of y**3/3 - 2*y**2 + 2*y + 2. What is the units digit of t(5)?
7
Suppose 5*h - 1 = -3*r + 37, 4*h - r = 27. Suppose h*u - 4*u - 66 = 0. What is the units digit of u?
2
Suppose 86 - 20 = 2*r. What is the units digit of r?
3
Let p = -9 + 11. Suppose 2*h = -4*y + 52, -p*y - 2 = 4. What is the tens digit of h?
3
Suppose -6*s + s = -2*l - 153, -3*s - 3*l = -96. What is the units digit of s?
1
What is the units digit of 0 + 8 - 21/(-7)?
1
Let l = 42 - 24. What is the units digit of l?
8
Suppose 3*n = 7*n - 580. Suppose n = 5*b - 5*x, b + 2*x = 28 + 16. What is the units digit of b?
4
Let l = -30 + 92. What is the units digit of l?
2
Suppose -3*u = -6*u + 6. What is the units digit of u?
2
Let r = 172 + -116. What is the tens digit of r?
5
Let f(k) = -10*k - 1. Let t be f(-2). Let p = 45 - t. What is the units digit of p?
6
Let z(m) = m**2 - 6*m + 7. Let o be z(5). Let i be 0/(0/(-2) + o). Suppose 15 = 3*a - i*a. What is the units digit of a?
5
Suppose 0 = -4*o - 1 + 17. Suppose 0 = o*l + 20, -4*u + 0*l + 104 = -4*l. What is the tens digit of u?
2
Let o(f) = 5*f - 1. Let v be o(-1). Let t be (-3 - v)*(-2)/(-2). Suppose -w = -4*m + 27, m + t*m = -w + 29. What is the units digit of m?
7
Let y(i) = i**2 + 3*i + 66. What is the units digit of y(0)?
6
What is the units digit of (-3)/12*1 - 29540/(-80)?
9
Suppose t = 5*n - 25, -2*n + 2*t + 3 = -15. Suppose n*r - 64 - 18 = -2*m, 3*r = 5*m + 94. What is the tens digit of r?
2
Suppose -4*m + 9*m = 10. Suppose -m*p + 0*u - u = -84, 4*u = 0. What is the units digit of (-2)/8 - p/(-8)?
5
Let h = 5 + -27. Let c = h + 36. What is the units digit of c?
4
Suppose t - 47 = -11. What is the tens digit of t?
3
Let r be 150/(-54) + 4/(-18). What is the units digit of 36/(-8)*16/r?
4
Let f(b) = 33*b**2 + 4*b - 3. What is the tens digit of f(1)?
3
Suppose 2*m - 8 = 44. Let z = 19 + -34. Let u = z + m. What is the tens digit of u?
1
Suppose 0 = y - 8 + 2. What is the units digit of (8/12)/(2/y)?
2
Let y be -4*(-1)/4*74. Suppose 2*v - h + 6*h - y = 0, 3*v = 3*h + 90. Suppose 0 = -4*x - v + 92. What is the units digit of x?
5
Let g = -3 - -5. Suppose -4*k - g*j = -26, 0*k + 4*j = -k + 3. What is the units digit of k?
7
Suppose 0 = -4*s - s + 120. What is the units digit of s?
4
Let t = 7 - 0. Suppose -t*r + 12 = -3*r. What is the units digit of r?
3
Suppose 0*v - 9 = -3*v. Let k(r) = r**3 - 8*r**2 + r + 5. Let q be k(8). Let l = q - v. What is the units digit of l?
0
Let j(r) = r**2 - 7*r + 10. Let g be j(-9). Suppose -3*c + g = 5*n, 36 = n - c - c. What is the units digit of n?
2
Let n(o) = o**2 + o + 3. What is the units digit of n(-5)?
3
Suppose 2*u = -10, 229 = 2*m + 2*m + 3*u. What is the tens digit of m?
6
Let s = 1 - 1. Suppose s*i - 37 = i. Let y = -22 - i. What is the units digit of y?
5
Let c = 8 - 6. Suppose r = -c, -5*h + 3*r = -23 + 2. What is the units digit of h?
3
Suppose 5*i + 559 = 2*s, -5*s + 1445 = -0*i - 3*i. What is the hundreds digit of s?
2
What is the units digit of (-3)/((-45)/(-5)) + (-1274)/(-6)?
2
Let x(u) be the first derivative of -u**6/360 + u**4/6 + 5*u**3/3 - 4. Let k(v) be the third derivative of x(v). What is the units digit of k(0)?
4
Suppose 4*m + 4*s - 6 = -38, 4 = -m - 5*s. Let d = -4 - m. Suppose -f - w - 44 = -d*f, 2*w = 3*f - 38. What is the tens digit of f?
1
Suppose -2*r = -l + 5*l + 18, 25 = -5*l. Suppose -4*h - d - 10 = 0, -4*h - 3 = -2*d + r. What is the units digit of 50/4 - 1/h?
3
Let k be (-1 - 0) + -174 + 1. Let f be 2/11 - k/11. What is the units digit of (f/(-6))/(2/(-3))?
4
Let l be 1 + (-8)/20*-5. Suppose 4*p - l*s = p + 27, 3*s = -p - 7. What is the units digit of p?
5
Suppose -2*y + 15 = 3*y. Suppose p - 80 = -y*p. What is the tens digit of p?
2
Let m(c) = -c**2 - 6*c - 3. Let n be m(-6). What is the tens digit of (-79)/n + (-4)/12?
2
Let y(u) = 4*u**3 - 7 + 13*u**2 - 17*u - 5*u**3 - 6*u**2 + 26*u. Let p = -12 + 20. What is the units digit of y(p)?
1
Suppose -94 = -3*q + 5*r + 45, -5 = r. What is the units digit of q?
8
Let p be 106/22 - (-16)/88. Suppose p*g - 3*g - 2 = 0. What is the units digit of g?
1
Let f = 12 - 3. Let b = f + 23. Suppose -4*i - b + 92 = 0. What is the tens digit of i?
1
Let c(v) = -v - 3. Let j be c(-3). Suppose -4*r + 20 + 28 = j. What is the units digit of r?
2
Suppose -8*c + 39 = -7*c. What is the units digit of c?
9
Suppose i = 4*j - 206, 0 = -5*j + 2*i + 19 + 240. What is the units digit of j?
1
Let j(t) = 3*t**3 + 2*t**2 - 1. Let w be j(1). Suppose 3*n - 3*s = 9 - 3, -36 = -w*n - 3*s. What is the units digit of n?
6
Let f = 36 - 59. Suppose 0*x + 200 = 5*x. Let p = f + x. What is the tens digit of p?
1
Let q(c) = -17*c + 1. Let j be q(-9). Suppose -4*i + 5*z = -j, 184 = 5*i + z - 3*z. What is the units digit of i?
6
Let d = -1 + 3. Suppose r - d*o + 13 = -5*o, -r + 2*o = -12. What is the units digit of r?
2
Suppose -6*g + 535 - 85 = 0. Suppose -3*s + 0*s + g = 0. What is the units digit of s?
5
Suppose 8 = 2*w - 4*c, -w + 4*w = 4*c + 12. Let f = -3 + w. What is the units digit of f?
1
Suppose 0*h - t + 123 = 3*h, -3*t - 71 = -2*h. What is the units digit of h?
0
Suppose -4830 = -4*c - 11*c. What is the units digit of c?
2
Let r(a) = -57*a - 22. What is the hundreds digit of r(-4)?
2
Suppose 0*k = -2*k + 42. What is the units digit of k?
1
Let u = 1 + -13. Let d = -8 - u. Suppose 5*q + f - 22 = 0, -5*q + d*f = -2*q - 27. What is the units digit of q?
5
Suppose 0 = -3*i + 2*k - 20, 0 = 4*i + 2*k + 35 - 13. Let x be (12/(-14))/(i/(-42)). What is the units digit of 1/2*x/(-1)?
3
Suppose -3*z + 5*z = 120. Suppose 8*d = 4*d + z. What is the units digit of d?
5
Let r(f) = f**3 - 7*f**2 + 7. What is the units digit of r(7)?
7
What is the units digit of (-16)/20*35/(-2)?
4
Let b = 52 + -32. What is the units digit of b?
0
Suppose 0 = -5*y - f + 202 + 63, 2*y - 2*f = 118. Suppose -2*t + y = t - 5*x, -20 = -2*t - 2*x. What is the tens digit of t?
1
Let k = 57 - 32. What is the units digit of k?
5
Let y(v) = 11*v**2 - 3*v - 3. What is the tens digit of y(-2)?
4
Suppose 4*o + 8 = 0, 4*n - 296 = -5*o + 3*o. Suppose 4*s = s + n. What is the units digit of s?
5
Suppose 5*s = -7*y + 4*y + 104, -5*y + 169 = 4*s. What is the tens digit of y?
3
Let m(g) = -g**3 + 5*g**2 + g. What is the units digit of m(4)?
0
What is the units digit of ((-8)/20)/(1/(-115))?
6
Let o = 0 + 4. Suppose 2*c - 68 = -22. Suppose -79 = -o*y - c. What is the units digit of y?
4
Suppose 20*f - 23*f = -1050. What is the units digit of f?
0
Suppose -d + 47 = 4*l + 4*d, -5*l = -d - 95. What is the units digit of l?
8
Let c(v) = -v + 5. Let m be c(0). Suppose -m*w = -0*w. Suppose 0 = 4*h + n - 83, w = 2*h - 4*h - n + 41. What is the units digit of h?
1
What is the units digit of -24*(28/(-6) + -2 + 4)?
4
Let n(i) = -18*i + 29. What is the hundreds digit of n(-13)?
2
Let p = -2 + 5. Suppose 0 = p*n - 2*n + 3. What is the units digit of (-31)/(-5) + n/15?
6
Let z(p) = p**3 + 3*p**2 - 7*p - 9. What is the units digit of z(-4)?
3
Let k(l) = -2*l - 5. Let b be k(-4). Suppose 0 = -i + b*m + 7, i - 3*m + 7*m - 7 = 0. Let v = 13 - i. What is the units digit of v?
6
Suppose -3*c - 2*c = -120. What is the tens digit of -3 - 0 - c/(-1)?
2
Suppose 0 = 4*r + r - 50. Let x = r - 16. Let p(b) = -b**3 - 6*b**2 + 2. What is the units digit of p(x)?
2
Suppose -2*r + 0 = 4. Let x = 20 + r. What is the units digit of (-4)/(4/3) + x?
5
Let y = -13 - -22. Let l(u) = u**3 - 8*u**2 - 7*u - 1. What is the tens digit of l(y)?
1
Let g be (0 + 3 - 0)*-1. What is the tens digit of (18/(-4))/(g/20)?
3
Suppose -4*g + 9 = -3*v - 1, 0 = -2*g - 2*v + 12. Suppose -l + 3*c = 3*l - 69, g*c - 41 = -l. What is the units